((-69)/v*-15)/((-1)/(-8)). What is the highest common factor of o and 138?
46
Let y be (-2)/(-1)*(-3)/(-6). Let q be -15 + 3 + -24 + 37. What is the greatest common factor of q and y?
1
Let p = -280 - -285. Suppose -4*o - 260 = -p*w, 0*w - 5*o - 121 = -2*w. What is the greatest common factor of 3 and w?
3
Let z = -375 - -549. Let y = -120 + z. Calculate the greatest common divisor of 189 and y.
27
Suppose -80*j = 48*j - 58973 + 19037. What is the highest common factor of 600 and j?
24
Let w(j) = -j**2 + 5*j + 5. Let n be w(5). Let z be -1 + 1 + n*3. Suppose -14049*i + 14043*i = -90. Calculate the greatest common factor of i and z.
15
Suppose 4*d + l = 30, 7 = 3*d - 2*l - 21. Let o(n) = -293*n - 1654. Let m be o(-6). Calculate the highest common divisor of m and d.
8
Let b be (3/6)/((-34)/(-2856)). Calculate the highest common divisor of 210 and b.
42
Let f = -28 - 221. Let l = -172 - f. What is the highest common factor of l and 11?
11
Let f be (-1 - (-314)/(-4))*(-56)/12. Let k = f - 276. Calculate the highest common divisor of k and 76.
19
Let u = -5351 - -5355. Suppose -4*p = 1 - 321. Suppose p = 7*o - 3*o. Calculate the highest common factor of o and u.
4
Suppose 0 = 782*v - 8486 - 40780. What is the highest common factor of v and 5271?
21
Let p = 6401 + -6221. What is the highest common divisor of p and 1950?
30
Let w be (2/(-3))/((-2024)/(-1014) - 2). Let y = w + -158. What is the greatest common factor of 11 and y?
11
Let m be 20808/72 + (-2 - 0) + 1/1. Calculate the greatest common factor of 5688 and m.
72
Let k(a) = 59*a - 809. Let l be k(16). Calculate the highest common divisor of 1035 and l.
45
Suppose -5*a + 4*i = -7*a - 52, 0 = 2*a + 2*i + 46. Let j(b) = -b**3 - 22*b**2 - 38*b + 90. Let h be j(a). What is the highest common factor of h and 175?
25
Let u(q) = -23*q**2 + 19*q + 0*q**3 + 53 + 7*q - q**3. Suppose -2196*b = -2194*b + 48. Let t be u(b). Calculate the greatest common factor of 3 and t.
1
Let o(x) be the third derivative of x**5/12 + x**4/4 - 2*x**3/3 + 73*x**2. Let f be o(-6). Calculate the greatest common factor of f and 315.
35
Let c(h) = -38*h + 1. Let b be c(-1). Let m(x) = 2*x**2 - 2*x + 4. Let g be m(-2). Let v be g/10*10/4 - -74. What is the greatest common divisor of b and v?
39
Let x = 609 - 572. Calculate the greatest common divisor of x and 8843.
37
Suppose 47 = 5*z + 7. Suppose -7*y + 1518 = -18*y. Let c = y + 158. Calculate the highest common factor of z and c.
4
Let v(k) = 6*k**2 - 8*k + 7. Let u be v(1). Suppose -3*o - 1 = 7*j - u*j, -13 = -4*j - o. What is the highest common divisor of 92 and j?
4
Suppose 0 = 13*o - 15*o - 1454. Let a = -183 - o. What is the greatest common divisor of 68 and a?
68
Suppose -4261 = -4*b + v, 295*b - 5*v - 2153 = 293*b. What is the greatest common divisor of b and 392?
56
Let d be (2 + 20/(-8))*-38. Let t(p) = -45*p + 36. Let g(c) = -4*c + 81. Let h be g(21). Let m be t(h). Calculate the highest common factor of m and d.
19
Let n = 1090 - 814. Calculate the highest common factor of 230 and n.
46
Let p be 50/15*(-6)/(-4). Suppose 0 = -2*d - p*h - 6 - 3, 2*d - 2*h = 26. What is the greatest common factor of d and 12?
4
Let g(x) = 3*x**3 - 224*x**2 + 183*x + 72. Let t be g(74). Calculate the greatest common factor of 44 and t.
22
Suppose 110 + 108 = 12*b + 2. What is the greatest common factor of 188 and b?
2
Suppose 3*x - 16 = 19 + 7. Calculate the greatest common factor of x and 203.
7
Let r = 1998 + -1378. Suppose -12*u + r = -172. Let p = -50 + u. Calculate the greatest common factor of p and 64.
16
Let z be ((-3 - -5) + 0)/(15/1950). Suppose 0 = 4*g + g - 5. Let u be 26*(-3 + g)/(-2). Calculate the highest common divisor of z and u.
26
Let l(w) = 5*w**2 + 250*w - 2510. Let c be l(10). Calculate the highest common divisor of c and 1764.
98
Let a = -118 - -147. Suppose a*h + 124 = 31*h. What is the highest common divisor of 93 and h?
31
Suppose -5*g = 2*x - 2846, 5*x = g - 6*g + 7070. Calculate the greatest common factor of 256 and x.
128
Let k = -466 - -503. Suppose 85 = 8*n + k. What is the highest common divisor of 114 and n?
6
Suppose 24 = -106*r + 112*r. Suppose r*f + 3*v - 10 = 3*f, 5*f = -2*v + 63. What is the highest common divisor of f and 1703?
13
Let a(d) = -d**3 + 2*d**2 + 28*d + 264. Let j be a(0). What is the greatest common factor of 168 and j?
24
Let k = 3430 + -3396. Calculate the greatest common factor of k and 3451.
17
Suppose -54 = -2*d - 4. Let l(x) = -x**3 + 9*x**2 + 5*x - 4. Let k(w) = w**2 + 8. Let t be k(0). Let s be l(t). Calculate the highest common divisor of d and s.
25
Let g(z) = z**3 + 66*z**2 - 132*z + 432. Let n be g(-68). What is the greatest common divisor of 340 and n?
20
Let h = -33 - -148. Suppose -74*x - 14*x + 1280 = 168*x. What is the greatest common factor of x and h?
5
Let h be (4*(1 - 4))/(-4 + 6277/1570). Calculate the greatest common divisor of 80 and h.
40
Let s be (-9 + 5)*5/(-2). What is the greatest common factor of 585 and s?
5
Let a(s) = 7*s - 6. Let x be (-32)/(-20)*15/12. Let z be a(x). Calculate the highest common divisor of 68 and z.
4
Suppose -o - 4*o = f + 2, -5*o - 2*f = 4. Suppose 3*d - 10*d + 490 = o. Suppose -d = 11*m - 12*m. What is the highest common divisor of 14 and m?
14
Suppose 51741*g - 51756*g = -105. Calculate the highest common divisor of 5 and g.
1
Let j(w) = 18563*w**2 + 342*w - 341. Let s be j(1). What is the highest common factor of s and 408?
204
Suppose -45*v + 46*v = 50. Let o be 60/(-80) + 166/8. What is the greatest common factor of o and v?
10
Suppose 1707 = -38*y + 4785. Calculate the greatest common divisor of 108 and y.
27
Let z(c) = 2*c**2 - 3*c - 57. Suppose -y - 9 = -2*y. Let t be z(y). Suppose 70 = -76*u + t*u. Calculate the greatest common divisor of u and 28.
7
Suppose -3*j + 6*j - 96 = 0. Suppose 3*r = 18 + 6, 1096 = 7*c - 3*r. What is the greatest common factor of c and j?
32
Let p = 6476 - 6158. Calculate the highest common factor of 4929 and p.
159
Let d be ((-1242)/(-161))/27 + 1380/21. Let k(n) = -n**3 - 5*n**2 - 10*n - 3. Let w be k(-7). Calculate the greatest common divisor of w and d.
33
Suppose 93*l - 92*l - 3 = 0. Suppose -o = -1, 3*i = -i + l*o + 681. Calculate the highest common divisor of i and 76.
19
Let q = 85 - -50. Let d be (4/(-14))/((-5)/(-35)). Let i be d/(-4) - (5565/(-14))/15. What is the highest common divisor of q and i?
27
Let g = -16028 + 26052. Calculate the greatest common factor of g and 112.
56
Suppose -62 = 5*b - 3*m + 4*m, 0 = -2*b + 3*m - 18. Let p be ((-18)/8)/((-3)/b). Let q be 6/(-27) - 83/p. What is the greatest common factor of 27 and q?
9
Let y = -11 - -22. Suppose 20 = 5*f, 3*q = 8*q + f + 56. Let u(c) = -9*c - 9. Let p be u(q). Calculate the highest common factor of y and p.
11
Let y(v) = 3*v**2 - 2*v + 2. Suppose 8 = 2*h + 6*h. Let f be y(h). Suppose -4*r = n + 1, f*n - 5*r - 65 = -0*n. What is the highest common divisor of n and 135?
15
Suppose 4*a = 5*h - 183, 0 = 7*a - 3*a + 4*h + 156. Let q = a + 42. Suppose 2*k + q - 34 = 0. Calculate the greatest common divisor of k and 34.
17
Let g = 4779 - 4711. Let f = 1349 - 805. What is the highest common divisor of f and g?
68
Let d(x) = 2*x**2 - 15*x. Let a be d(12). Suppose w + 2*w = 30. Let h = 2 + w. Calculate the highest common divisor of a and h.
12
Let v(z) = -z**3 - 3*z - 2. Suppose 0*l = 6*l + 6. Let n be v(l). Suppose -n*m + 0 + 10 = 0. What is the highest common factor of 15 and m?
5
Suppose 0 = -5*w - 2*i + 9, -5*w + 6*i - 9*i + 6 = 0. Calculate the highest common divisor of w and 69.
3
Suppose -6*i + 2396 + 49060 = 0. What is the highest common divisor of 384 and i?
128
Suppose 51*m = 54*m + 204. Let b be (-231)/(-6)*m/(-119). Calculate the highest common divisor of b and 143.
11
Let t = -7016 + 7656. Calculate the highest common divisor of t and 3392.
64
Suppose -n + 26 = -2*u, 63*n = 58*n + 3*u + 165. Calculate the highest common divisor of 300 and n.
12
Suppose -50 = -7*y + 20. Suppose 2*c - y = -2*f, -3 = -3*c - 0. Calculate the highest common factor of 12 and f.
4
Let x(g) = 2*g**3 + 18*g**2 - 8*g - 16. Suppose 47*f - 34*f = -104. Let q be x(f). Calculate the highest common factor of 66 and q.
22
Suppose -3*k - 2*k + 33 = 4*d, -2*d - 2*k = -14. Let m be (-3)/(d + (-7)/3). Ca